Last updated on 2024-12-19 23:50:48 CET.
Flavor | Version | Tinstall | Tcheck | Ttotal | Status | Flags |
---|---|---|---|---|---|---|
r-devel-linux-x86_64-debian-clang | 1.1.0 | 15.45 | 269.62 | 285.07 | OK | |
r-devel-linux-x86_64-debian-gcc | 1.1.0 | 10.97 | 172.54 | 183.51 | OK | |
r-devel-linux-x86_64-fedora-clang | 1.1.0 | 480.12 | OK | |||
r-devel-linux-x86_64-fedora-gcc | 1.1.0 | 291.33 | OK | |||
r-devel-windows-x86_64 | 1.1.0 | 17.00 | 256.00 | 273.00 | OK | |
r-patched-linux-x86_64 | 1.1.0 | 15.71 | 255.19 | 270.90 | OK | |
r-release-linux-x86_64 | 1.1.0 | 12.52 | 257.14 | 269.66 | OK | |
r-release-macos-arm64 | 1.1.0 | 128.00 | NOTE | |||
r-release-macos-x86_64 | 1.1.0 | 344.00 | NOTE | |||
r-release-windows-x86_64 | 1.1.0 | 16.00 | 250.00 | 266.00 | NOTE | |
r-oldrel-macos-arm64 | 1.1.0 | 130.00 | NOTE | |||
r-oldrel-macos-x86_64 | 1.1.0 | 257.00 | NOTE | |||
r-oldrel-windows-x86_64 | 1.1.0 | 22.00 | 337.00 | 359.00 | NOTE |
Version: 1.1.0
Check: installed package size
Result: NOTE
installed size is 6.0Mb
sub-directories of 1Mb or more:
data 4.4Mb
help 1.3Mb
Flavors: r-release-macos-arm64, r-release-macos-x86_64, r-release-windows-x86_64, r-oldrel-macos-arm64, r-oldrel-macos-x86_64, r-oldrel-windows-x86_64