CRAN Package Check Results for Package vroom

Last updated on 2024-12-19 23:50:48 CET.

Flavor Version Tinstall Tcheck Ttotal Status Flags
r-devel-linux-x86_64-debian-clang 1.6.5 104.56 105.93 210.49 NOTE
r-devel-linux-x86_64-debian-gcc 1.6.5 88.25 86.05 174.30 NOTE
r-devel-linux-x86_64-fedora-clang 1.6.5 367.35 NOTE
r-devel-linux-x86_64-fedora-gcc 1.6.5 428.66 NOTE
r-devel-windows-x86_64 1.6.5 140.00 159.00 299.00 NOTE
r-patched-linux-x86_64 1.6.5 118.13 99.92 218.05 OK
r-release-linux-x86_64 1.6.5 117.92 99.67 217.59 OK
r-release-macos-arm64 1.6.5 95.00 NOTE
r-release-macos-x86_64 1.6.5 107.00 NOTE
r-release-windows-x86_64 1.6.5 138.00 154.00 292.00 OK
r-oldrel-macos-arm64 1.6.5 94.00 NOTE
r-oldrel-macos-x86_64 1.6.5 135.00 NOTE
r-oldrel-windows-x86_64 1.6.5 164.00 173.00 337.00 OK

Additional issues

rchk

Check Details

Version: 1.6.5
Check: compiled code
Result: NOTE File ‘vroom/libs/vroom.so’: Found non-API calls to R: ‘SETLENGTH’, ‘SET_TRUELENGTH’, ‘STDVEC_DATAPTR’ Compiled code should not call non-API entry points in R. See ‘Writing portable packages’ in the ‘Writing R Extensions’ manual, and section ‘Moving into C API compliance’ for issues with the use of non-API entry points. Flavors: r-devel-linux-x86_64-debian-clang, r-devel-linux-x86_64-debian-gcc, r-devel-linux-x86_64-fedora-clang, r-devel-linux-x86_64-fedora-gcc

Version: 1.6.5
Check: compiled code
Result: NOTE File 'vroom/libs/x64/vroom.dll': Found non-API calls to R: 'SETLENGTH', 'SET_TRUELENGTH', 'STDVEC_DATAPTR' Compiled code should not call non-API entry points in R. See 'Writing portable packages' in the 'Writing R Extensions' manual, and section 'Moving into C API compliance' for issues with the use of non-API entry points. Flavor: r-devel-windows-x86_64

Version: 1.6.5
Check: installed package size
Result: NOTE installed size is 9.9Mb sub-directories of 1Mb or more: libs 8.4Mb Flavors: r-release-macos-arm64, r-release-macos-x86_64, r-oldrel-macos-arm64, r-oldrel-macos-x86_64