Last updated on 2024-12-19 23:50:48 CET.
Flavor | Version | Tinstall | Tcheck | Ttotal | Status | Flags |
---|---|---|---|---|---|---|
r-devel-linux-x86_64-debian-clang | 0.2.5 | 6.52 | 41.26 | 47.78 | OK | |
r-devel-linux-x86_64-debian-gcc | 0.2.5 | 5.63 | 31.70 | 37.33 | OK | |
r-devel-linux-x86_64-fedora-clang | 0.2.5 | 78.14 | NOTE | |||
r-devel-linux-x86_64-fedora-gcc | 0.2.5 | 88.38 | NOTE | |||
r-devel-windows-x86_64 | 0.2.5 | 10.00 | 67.00 | 77.00 | OK | |
r-patched-linux-x86_64 | 0.2.5 | 8.50 | 39.08 | 47.58 | OK | |
r-release-linux-x86_64 | 0.2.5 | 7.77 | 38.74 | 46.51 | OK | |
r-release-macos-arm64 | 0.2.5 | 30.00 | OK | |||
r-release-macos-x86_64 | 0.2.5 | 46.00 | OK | |||
r-release-windows-x86_64 | 0.2.5 | 10.00 | 65.00 | 75.00 | OK | |
r-oldrel-macos-arm64 | 0.2.5 | 33.00 | OK | |||
r-oldrel-macos-x86_64 | 0.2.5 | 49.00 | OK | |||
r-oldrel-windows-x86_64 | 0.2.5 | 11.00 | 69.00 | 80.00 | OK |
Version: 0.2.5
Check: dependencies in R code
Result: NOTE
Namespace in Imports field not imported from: ‘R6’
All declared Imports should be used.
Flavors: r-devel-linux-x86_64-fedora-clang, r-devel-linux-x86_64-fedora-gcc