Last updated on 2024-12-19 23:50:48 CET.
Flavor | Version | Tinstall | Tcheck | Ttotal | Status | Flags |
---|---|---|---|---|---|---|
r-devel-linux-x86_64-debian-clang | 0.2.1 | 4.53 | 53.92 | 58.45 | NOTE | |
r-devel-linux-x86_64-debian-gcc | 0.2.1 | 3.81 | 35.87 | 39.68 | NOTE | |
r-devel-linux-x86_64-fedora-clang | 0.2.1 | 96.63 | NOTE | |||
r-devel-linux-x86_64-fedora-gcc | 0.2.1 | 106.96 | NOTE | |||
r-devel-windows-x86_64 | 0.2.1 | 12.00 | 79.00 | 91.00 | NOTE | |
r-patched-linux-x86_64 | 0.2.1 | 4.61 | 55.37 | 59.98 | OK | |
r-release-linux-x86_64 | 0.2.1 | 4.32 | 54.27 | 58.59 | OK | |
r-release-macos-arm64 | 0.2.1 | 38.00 | OK | |||
r-release-macos-x86_64 | 0.2.1 | 55.00 | OK | |||
r-release-windows-x86_64 | 0.2.1 | 10.00 | 75.00 | 85.00 | OK | |
r-oldrel-macos-arm64 | 0.2.1 | 72.00 | OK | |||
r-oldrel-macos-x86_64 | 0.2.1 | 140.00 | OK | |||
r-oldrel-windows-x86_64 | 0.2.1 | 11.00 | 83.00 | 94.00 | OK |
Version: 0.2.1
Check: compiled code
Result: NOTE
File ‘warp/libs/warp.so’:
Found non-API calls to R: ‘Rf_findVarInFrame3’, ‘STRING_PTR’
Compiled code should not call non-API entry points in R.
See ‘Writing portable packages’ in the ‘Writing R Extensions’ manual,
and section ‘Moving into C API compliance’ for issues with the use of
non-API entry points.
Flavors: r-devel-linux-x86_64-debian-clang, r-devel-linux-x86_64-debian-gcc, r-devel-linux-x86_64-fedora-clang, r-devel-linux-x86_64-fedora-gcc
Version: 0.2.1
Check: compiled code
Result: NOTE
File 'warp/libs/x64/warp.dll':
Found non-API calls to R: 'Rf_findVarInFrame3', 'STRING_PTR'
Compiled code should not call non-API entry points in R.
See 'Writing portable packages' in the 'Writing R Extensions' manual,
and section 'Moving into C API compliance' for issues with the use of
non-API entry points.
Flavor: r-devel-windows-x86_64