CRAN Package Check Results for Package webglobe

Last updated on 2024-12-19 23:50:48 CET.

Flavor Version Tinstall Tcheck Ttotal Status Flags
r-devel-linux-x86_64-debian-clang 1.0.3 6.65 50.49 57.14 OK
r-devel-linux-x86_64-debian-gcc 1.0.3 5.61 39.51 45.12 OK
r-devel-linux-x86_64-fedora-clang 1.0.3 91.53 OK
r-devel-linux-x86_64-fedora-gcc 1.0.3 99.78 OK
r-devel-windows-x86_64 1.0.3 11.00 72.00 83.00 OK
r-patched-linux-x86_64 1.0.3 6.24 47.93 54.17 OK
r-release-linux-x86_64 1.0.3 6.57 48.38 54.95 OK
r-release-macos-arm64 1.0.3 34.00 NOTE
r-release-macos-x86_64 1.0.3 52.00 NOTE
r-release-windows-x86_64 1.0.3 12.00 69.00 81.00 NOTE
r-oldrel-macos-arm64 1.0.3 40.00 NOTE
r-oldrel-macos-x86_64 1.0.3 64.00 NOTE
r-oldrel-windows-x86_64 1.0.3 13.00 77.00 90.00 NOTE

Check Details

Version: 1.0.3
Check: installed package size
Result: NOTE installed size is 10.5Mb sub-directories of 1Mb or more: client 9.4Mb doc 1.0Mb Flavors: r-release-macos-arm64, r-release-macos-x86_64, r-release-windows-x86_64, r-oldrel-macos-arm64, r-oldrel-macos-x86_64, r-oldrel-windows-x86_64