Last updated on 2024-12-19 23:50:48 CET.
Flavor | Version | Tinstall | Tcheck | Ttotal | Status | Flags |
---|---|---|---|---|---|---|
r-devel-linux-x86_64-debian-clang | 1.0.1 | 308.51 | 173.21 | 481.72 | OK | |
r-devel-linux-x86_64-debian-gcc | 1.0.1 | 290.75 | 143.64 | 434.39 | OK | |
r-devel-linux-x86_64-fedora-clang | 1.0.1 | 790.36 | OK | |||
r-devel-linux-x86_64-fedora-gcc | 1.0.1 | 1046.82 | OK | |||
r-devel-windows-x86_64 | 1.0.1 | 288.00 | 201.00 | 489.00 | OK | |
r-patched-linux-x86_64 | 1.0.1 | 381.20 | 195.11 | 576.31 | OK | |
r-release-linux-x86_64 | 1.0.1 | 371.52 | 194.17 | 565.69 | OK | |
r-release-macos-arm64 | 1.0.1 | 195.00 | NOTE | |||
r-release-macos-x86_64 | 1.0.1 | 327.00 | NOTE | |||
r-release-windows-x86_64 | 1.0.1 | 284.00 | 209.00 | 493.00 | OK | |
r-oldrel-macos-arm64 | 1.0.1 | 215.00 | NOTE | |||
r-oldrel-macos-x86_64 | 1.0.1 | 238.00 | NOTE | |||
r-oldrel-windows-x86_64 | 1.0.1 | 408.00 | 241.00 | 649.00 | OK |
Version: 1.0.1
Check: installed package size
Result: NOTE
installed size is 57.4Mb
sub-directories of 1Mb or more:
libs 57.0Mb
Flavors: r-release-macos-arm64, r-release-macos-x86_64, r-oldrel-macos-arm64, r-oldrel-macos-x86_64
Version: 1.0.1
Check: for GNU extensions in Makefiles
Result: NOTE
GNU make is a SystemRequirements.
Flavors: r-release-macos-arm64, r-release-macos-x86_64, r-oldrel-macos-arm64, r-oldrel-macos-x86_64