CRAN Package Check Results for Package wordvector

Last updated on 2024-12-19 23:50:49 CET.

Flavor Version Tinstall Tcheck Ttotal Status Flags
r-devel-linux-x86_64-debian-clang 0.1.0 62.07 80.09 142.16 OK
r-devel-linux-x86_64-debian-gcc 0.1.0 41.56 59.90 101.46 OK
r-devel-linux-x86_64-fedora-clang 0.1.0 243.11 OK
r-devel-linux-x86_64-fedora-gcc 0.1.0 255.07 OK
r-devel-windows-x86_64 0.1.0 67.00 110.00 177.00 OK
r-patched-linux-x86_64 0.1.0 57.05 76.26 133.31 OK
r-release-linux-x86_64 0.1.0 59.42 76.67 136.09 OK
r-release-macos-arm64 0.1.0 64.00 NOTE
r-release-macos-x86_64 0.1.0 109.00 NOTE
r-oldrel-macos-arm64 0.1.0 69.00 NOTE
r-oldrel-macos-x86_64 0.1.0 106.00 NOTE
r-oldrel-windows-x86_64 0.1.0 78.00 131.00 209.00 NOTE

Check Details

Version: 0.1.0
Check: installed package size
Result: NOTE installed size is 6.3Mb sub-directories of 1Mb or more: data 3.8Mb libs 2.3Mb Flavors: r-release-macos-arm64, r-release-macos-x86_64, r-oldrel-macos-arm64, r-oldrel-macos-x86_64, r-oldrel-windows-x86_64