CRAN Package Check Results for Package wqs

Last updated on 2024-12-19 23:50:49 CET.

Flavor Version Tinstall Tcheck Ttotal Status Flags
r-devel-linux-x86_64-debian-clang 0.0.1 1.56 23.08 24.64 NOTE
r-devel-linux-x86_64-debian-gcc 0.0.1 1.41 17.35 18.76 NOTE
r-devel-linux-x86_64-fedora-clang 0.0.1 38.91 OK
r-devel-linux-x86_64-fedora-gcc 0.0.1 36.79 OK
r-devel-windows-x86_64 0.0.1 3.00 46.00 49.00 OK
r-patched-linux-x86_64 0.0.1 1.81 21.81 23.62 NOTE
r-release-linux-x86_64 0.0.1 1.68 21.88 23.56 NOTE
r-release-macos-arm64 0.0.1 16.00 OK
r-release-macos-x86_64 0.0.1 22.00 OK
r-release-windows-x86_64 0.0.1 3.00 54.00 57.00 OK
r-oldrel-macos-arm64 0.0.1 16.00 OK
r-oldrel-macos-x86_64 0.0.1 24.00 OK
r-oldrel-windows-x86_64 0.0.1 3.00 47.00 50.00 OK

Check Details

Version: 0.0.1
Check: Rd contents
Result: NOTE Auto-generated content requiring editing in Rd file 'wqs.est.Rd': \keyword: ‘~kwd1’ \keyword: ‘~kwd2’ Flavors: r-devel-linux-x86_64-debian-clang, r-devel-linux-x86_64-debian-gcc, r-patched-linux-x86_64, r-release-linux-x86_64