CRAN Package Check Results for Package xLLiM

Last updated on 2024-12-19 23:50:49 CET.

Flavor Version Tinstall Tcheck Ttotal Status Flags
r-devel-linux-x86_64-debian-clang 2.3 14.68 102.63 117.31 OK
r-devel-linux-x86_64-debian-gcc 2.3 9.80 71.27 81.07 OK
r-devel-linux-x86_64-fedora-clang 2.3 189.13 OK
r-devel-linux-x86_64-fedora-gcc 2.3 172.89 OK
r-devel-windows-x86_64 2.3 4.00 6.00 10.00 ERROR
r-patched-linux-x86_64 2.3 14.22 96.23 110.45 OK
r-release-linux-x86_64 2.3 13.42 96.58 110.00 OK
r-release-macos-arm64 2.3 48.00 OK
r-release-macos-x86_64 2.3 82.00 OK
r-release-windows-x86_64 2.3 15.00 109.00 124.00 OK
r-oldrel-macos-arm64 2.3 56.00 OK
r-oldrel-macos-x86_64 2.3 126.00 OK
r-oldrel-windows-x86_64 2.3 19.00 133.00 152.00 OK

Check Details

Version: 2.3
Check: whether package can be installed
Result: ERROR Installation failed. Flavor: r-devel-windows-x86_64