Last updated on 2024-12-19 23:50:49 CET.
Flavor | Version | Tinstall | Tcheck | Ttotal | Status | Flags |
---|---|---|---|---|---|---|
r-devel-linux-x86_64-debian-clang | 0.49 | 7.20 | 52.15 | 59.35 | OK | |
r-devel-linux-x86_64-debian-gcc | 0.49 | 4.37 | 37.29 | 41.66 | OK | |
r-devel-linux-x86_64-fedora-clang | 0.49 | 95.59 | OK | |||
r-devel-linux-x86_64-fedora-gcc | 0.49 | 102.08 | OK | |||
r-devel-windows-x86_64 | 0.49 | 14.00 | 111.00 | 125.00 | OK | |
r-patched-linux-x86_64 | 0.49 | 7.78 | 49.27 | 57.05 | OK | |
r-release-linux-x86_64 | 0.49 | 6.07 | 49.42 | 55.49 | OK | |
r-release-macos-arm64 | 0.49 | 59.00 | OK | |||
r-release-macos-x86_64 | 0.49 | 119.00 | OK | |||
r-release-windows-x86_64 | 0.49 | 2.00 | 6.00 | 8.00 | ERROR | |
r-oldrel-macos-arm64 | 0.49 | 62.00 | OK | |||
r-oldrel-macos-x86_64 | 0.49 | 125.00 | OK | |||
r-oldrel-windows-x86_64 | 0.49 | 12.00 | 113.00 | 125.00 | OK |
Version: 0.49
Check: whether package can be installed
Result: ERROR
Installation failed.
Flavor: r-release-windows-x86_64