CRAN Package Check Results for Package xlink

Last updated on 2024-12-19 23:50:49 CET.

Flavor Version Tinstall Tcheck Ttotal Status Flags
r-devel-linux-x86_64-debian-clang 1.0.1 7.02 62.11 69.13 NOTE
r-devel-linux-x86_64-debian-gcc 1.0.1 5.23 47.91 53.14 NOTE
r-devel-linux-x86_64-fedora-clang 1.0.1 112.41 NOTE
r-devel-linux-x86_64-fedora-gcc 1.0.1 117.61 NOTE
r-devel-windows-x86_64 1.0.1 7.00 80.00 87.00 NOTE
r-patched-linux-x86_64 1.0.1 6.66 58.54 65.20 NOTE
r-release-linux-x86_64 1.0.1 5.82 58.93 64.75 NOTE
r-release-macos-arm64 1.0.1 41.00 NOTE
r-release-macos-x86_64 1.0.1 61.00 NOTE
r-release-windows-x86_64 1.0.1 9.00 74.00 83.00 NOTE
r-oldrel-macos-arm64 1.0.1 41.00 NOTE
r-oldrel-macos-x86_64 1.0.1 69.00 NOTE
r-oldrel-windows-x86_64 1.0.1 9.00 88.00 97.00 NOTE

Check Details

Version: 1.0.1
Check: package subdirectories
Result: NOTE Problems with news in ‘NEWS.md’: No news entries found. Flavors: r-devel-linux-x86_64-debian-clang, r-devel-linux-x86_64-debian-gcc, r-devel-linux-x86_64-fedora-clang, r-devel-linux-x86_64-fedora-gcc, r-devel-windows-x86_64, r-patched-linux-x86_64, r-release-linux-x86_64, r-release-macos-arm64, r-release-macos-x86_64, r-release-windows-x86_64, r-oldrel-macos-arm64, r-oldrel-macos-x86_64, r-oldrel-windows-x86_64

Version: 1.0.1
Check: Rd cross-references
Result: NOTE Found the following Rd file(s) with Rd \link{} targets missing package anchors: fit_XCI_E_model.Rd: coxph fit_XCI_model.Rd: coxph fit_all_models.Rd: coxph xlink_fit.Rd: coxph Please provide package anchors for all Rd \link{} targets not in the package itself and the base packages. Flavors: r-devel-linux-x86_64-debian-clang, r-devel-linux-x86_64-debian-gcc, r-devel-windows-x86_64