CRAN Package Check Results for Package yager

Last updated on 2024-12-19 23:50:49 CET.

Flavor Version Tinstall Tcheck Ttotal Status Flags
r-devel-linux-x86_64-debian-clang 0.1.1 1.99 27.15 29.14 OK
r-devel-linux-x86_64-debian-gcc 0.1.1 2.23 21.19 23.42 OK
r-devel-linux-x86_64-fedora-clang 0.1.1 48.20 OK
r-devel-linux-x86_64-fedora-gcc 0.1.1 44.61 OK
r-devel-windows-x86_64 0.1.1 4.00 52.00 56.00 OK
r-patched-linux-x86_64 0.1.1 2.97 25.51 28.48 NOTE
r-release-linux-x86_64 0.1.1 2.64 25.85 28.49 NOTE
r-release-macos-arm64 0.1.1 20.00 NOTE
r-release-macos-x86_64 0.1.1 36.00 NOTE
r-release-windows-x86_64 0.1.1 4.00 67.00 71.00 NOTE
r-oldrel-macos-arm64 0.1.1 20.00 NOTE
r-oldrel-macos-x86_64 0.1.1 29.00 NOTE
r-oldrel-windows-x86_64 0.1.1 4.00 56.00 60.00 NOTE

Check Details

Version: 0.1.1
Check: LazyData
Result: NOTE 'LazyData' is specified without a 'data' directory Flavors: r-patched-linux-x86_64, r-release-linux-x86_64, r-release-macos-arm64, r-release-macos-x86_64, r-release-windows-x86_64, r-oldrel-macos-arm64, r-oldrel-macos-x86_64, r-oldrel-windows-x86_64