Last updated on 2024-12-19 23:50:49 CET.
Flavor | Version | Tinstall | Tcheck | Ttotal | Status | Flags |
---|---|---|---|---|---|---|
r-devel-linux-x86_64-debian-clang | 0.3.5 | 3.17 | 115.30 | 118.47 | NOTE | |
r-devel-linux-x86_64-debian-gcc | 0.3.5 | 2.16 | 149.15 | 151.31 | NOTE | |
r-devel-linux-x86_64-fedora-clang | 0.3.5 | 350.95 | OK | |||
r-devel-linux-x86_64-fedora-gcc | 0.3.5 | 351.84 | OK | |||
r-devel-windows-x86_64 | 0.3.5 | 5.00 | 140.00 | 145.00 | NOTE | |
r-patched-linux-x86_64 | 0.3.5 | 9.26 | 218.31 | 227.57 | OK | |
r-release-linux-x86_64 | 0.3.5 | 3.28 | 212.78 | 216.06 | OK | |
r-release-macos-arm64 | 0.3.5 | 50.00 | OK | |||
r-release-macos-x86_64 | 0.3.5 | 99.00 | OK | |||
r-release-windows-x86_64 | 0.3.5 | 5.00 | 140.00 | 145.00 | OK | |
r-oldrel-macos-arm64 | 0.3.5 | 56.00 | OK | |||
r-oldrel-macos-x86_64 | 0.3.5 | 85.00 | OK | |||
r-oldrel-windows-x86_64 | 0.3.5 | 6.00 | 154.00 | 160.00 | OK |
Version: 0.3.5
Check: Rd cross-references
Result: NOTE
Found the following Rd file(s) with Rd \link{} targets missing package
anchors:
periodogram.Rd: behavr
periodogram_methods.Rd: data.table
spectrogram.Rd: behavr
Please provide package anchors for all Rd \link{} targets not in the
package itself and the base packages.
Flavors: r-devel-linux-x86_64-debian-clang, r-devel-linux-x86_64-debian-gcc, r-devel-windows-x86_64