CRAN Package Check Results for Package zen4R

Last updated on 2024-12-19 23:50:49 CET.

Flavor Version Tinstall Tcheck Ttotal Status Flags
r-devel-linux-x86_64-debian-clang 0.10 14.48 88.12 102.60 NOTE
r-devel-linux-x86_64-debian-gcc 0.10 10.66 61.51 72.17 NOTE
r-devel-linux-x86_64-fedora-clang 0.10 175.86 OK
r-devel-linux-x86_64-fedora-gcc 0.10 173.09 OK
r-devel-windows-x86_64 0.10 18.00 110.00 128.00 NOTE
r-patched-linux-x86_64 0.10 22.70 83.69 106.39 OK
r-release-linux-x86_64 0.10 12.87 84.24 97.11 OK
r-release-macos-arm64 0.10 52.00 OK
r-release-macos-x86_64 0.10 137.00 OK
r-release-windows-x86_64 0.10 16.00 106.00 122.00 OK
r-oldrel-macos-arm64 0.10 57.00 OK
r-oldrel-macos-x86_64 0.10 126.00 OK
r-oldrel-windows-x86_64 0.10 19.00 126.00 145.00 OK

Check Details

Version: 0.10
Check: Rd cross-references
Result: NOTE Found the following Rd file(s) with Rd \link{} targets missing package anchors: ZenodoManager.Rd: R6Class ZenodoRecord.Rd: R6Class, DCEntry ZenodoRequest.Rd: R6Class zen4RLogger.Rd: R6Class Please provide package anchors for all Rd \link{} targets not in the package itself and the base packages. Flavors: r-devel-linux-x86_64-debian-clang, r-devel-linux-x86_64-debian-gcc, r-devel-windows-x86_64