Last updated on 2024-12-19 23:50:49 CET.
Flavor | Version | Tinstall | Tcheck | Ttotal | Status | Flags |
---|---|---|---|---|---|---|
r-devel-linux-x86_64-debian-clang | 0.2.0 | 109.07 | 190.39 | 299.46 | OK | |
r-devel-linux-x86_64-debian-gcc | 0.2.0 | 90.11 | 150.29 | 240.40 | OK | |
r-devel-linux-x86_64-fedora-clang | 0.2.0 | 496.41 | OK | |||
r-devel-linux-x86_64-fedora-gcc | 0.2.0 | 492.61 | OK | |||
r-devel-windows-x86_64 | 0.2.0 | 105.00 | 194.00 | 299.00 | OK | |
r-patched-linux-x86_64 | 0.2.0 | 111.81 | 178.46 | 290.27 | OK | |
r-release-linux-x86_64 | 0.2.0 | 114.43 | 186.20 | 300.63 | OK | |
r-release-macos-arm64 | 0.2.0 | 128.00 | NOTE | |||
r-release-macos-x86_64 | 0.2.0 | 205.00 | NOTE | |||
r-release-windows-x86_64 | 0.2.0 | 101.00 | 222.00 | 323.00 | OK | |
r-oldrel-macos-arm64 | 0.2.0 | 148.00 | NOTE | |||
r-oldrel-macos-x86_64 | 0.2.0 | 40.00 | ERROR | |||
r-oldrel-windows-x86_64 | 0.2.0 | 111.00 | 311.00 | 422.00 | OK |
Version: 0.2.0
Check: installed package size
Result: NOTE
installed size is 9.2Mb
sub-directories of 1Mb or more:
libs 8.9Mb
Flavors: r-release-macos-arm64, r-release-macos-x86_64, r-oldrel-macos-arm64
Version: 0.2.0
Check: whether package can be installed
Result: ERROR
Installation failed.
Flavor: r-oldrel-macos-x86_64